 are the prime factors of q?
2, 3
Let r(g) = -3*g**3 + 3*g**2 - 2*g - 2. List the prime factors of r(-3).
2, 7
Suppose 5*b = 2*a + 307, 3*b + 2*a - 32 = 149. What are the prime factors of 8/(-48) - b/(-6)?
2, 5
Suppose 0 = d + 2*v - 0*v - 5, 18 = -2*d + 3*v. Let c = d - -1. Let l(j) = -j**3 + j**2 + j - 1. What are the prime factors of l(c)?
3
Let p = -5 - -5. Suppose p*f + 4*w = f + 4, 22 = 2*f - 2*w. Let m = f - 10. What are the prime factors of m?
2, 3
Suppose -15 = -b + 15. What are the prime factors of b?
2, 3, 5
Let a(k) = -10*k + 76. List the prime factors of a(-25).
2, 163
Let s(f) = f**3 - f - 2. Suppose -3*z + 27 = 4*q, -3*q = -5*q + 2*z - 4. What are the prime factors of s(q)?
2, 11
Let t(v) = -v**2 + 10*v - 9. Suppose 0 = 4*c + j - 19, 5*j + 21 = 4*c - 28. What are the prime factors of t(c)?
3, 5
Suppose -4*n + 103 = 5*y, -3*n + 10 = y - 81. List the prime factors of n.
2
What are the prime factors of 62/4 + (-5)/10?
3, 5
Let k = -47 + 75. Suppose -b - k = -5*b. List the prime factors of b.
7
Suppose -2*i + 2*q + 6 = 0, 3*i + 12 = -3*q + 3. Suppose -y - 3 + 7 = i. Suppose -2*v - 9 = -y*d + 1, -5*d + 17 = 2*v. What are the prime factors of d?
3
List the prime factors of (-22)/33*(-195)/2.
5, 13
What are the prime factors of 2/((-1 - 3/(-15)) + 1)?
2, 5
Suppose -2*p + 135 = p. Let n = -31 + p. List the prime factors of n.
2, 7
Let j be (-598)/(-10) - 1/(-5). Let o = j + -24. What are the prime factors of o?
2, 3
What are the prime factors of 3/(3*4/184)?
2, 23
Let a = 6 - 0. List the prime factors of 9/((45/a)/5).
2, 3
Let w = -17 - -24. Let i = -16 - -19. Suppose -y - i + w = 0. What are the prime factors of y?
2
Let u be (-972)/20 + 2/(-5). Let j = u - -87. List the prime factors of j.
2, 19
Let d = 16 - 12. Let n = 7 - 14. Let w = d - n. What are the prime factors of w?
11
Let j = -8 + 70. List the prime factors of j.
2, 31
Let f = -13 - -16. Suppose 75 = 4*g + g. Suppose 2*x + g = f*x. What are the prime factors of x?
3, 5
Let n(t) = t**3 - t**2 - 4*t. Let r be 9/6*(-2)/(-3). Suppose 4 = a + r. What are the prime factors of n(a)?
2, 3
What are the prime factors of -1*8*(-4 + 3)?
2
Let d = 4 + -4. Suppose 2*j = 2*k, d = 4*j + 3*k + k + 8. List the prime factors of (1*2*-10)/j.
2, 5
Let b(z) = -3*z - 1. Let a = 6 - 9. What are the prime factors of b(a)?
2
Suppose 72 = -6*y + 414. List the prime factors of y.
3, 19
Suppose 4*b + 18 = -4*x + 142, -2*x = -4*b - 32. Suppose 0 = -2*o - 3*q + 59 + 2, o - 3*q = x. List the prime factors of o.
29
Let n(y) = 3*y**2 + 6*y + 1. Let s be n(-4). Suppose 0 = 3*f - 64 + s. List the prime factors of f.
13
Let v(w) = -8*w - 4. Let x be v(-6). Suppose x = 2*m - 40. List the prime factors of m.
2, 3, 7
Suppose -5*r - 33 = 32. What are the prime factors of (4/(-4))/(1/r)?
13
Let r(u) = u**3 - 10*u**2 + 9*u. Let o be r(9). Suppose o = -2*l - 3*i + 20, 5*l + 0*l = -4*i + 36. Suppose 0 = -2*f + l + 16. List the prime factors of f.
2, 5
Suppose -3 = -m - h, 3*m - 3*h = 2*h + 1. Let b = -36 - -40. Suppose b*l - 4 = m*l. What are the prime factors of l?
2
Suppose 0*t + 6 = 3*t. Let z be (-2)/5 + (-9)/15. What are the prime factors of (z - -1) + 6/t?
3
Let k(n) = n**3 + 5*n**2 - 3*n + 5. List the prime factors of k(-4).
3, 11
Suppose -y - 2 = -7. What are the prime factors of y?
5
Let y(d) = d + 1. Let u(a) be the first derivative of 5*a**2 + 13*a + 1. Let o(i) = -4*u(i) + 44*y(i). List the prime factors of o(7).
2, 5
Suppose 2*v - v = 3*w - 4, -3*w + 7 = -4*v. Let j = 11 - v. List the prime factors of j.
2, 3
Suppose 4*r - 83 - 105 = -2*u, 3*u - 184 = -4*r. What are the prime factors of r?
7
Suppose -o + 3*b = o - 11, 0 = 2*b + 10. List the prime factors of 148/16 + o/8.
3
Suppose 2*u + q = -20, u - 12 = 2*u + q. Let r = 6 + u. What are the prime factors of -13*(r - 1 - -2)?
13
Let o(g) be the third derivative of g**4/12 - g**3/6 + g**2. Let d be o(-7). What are the prime factors of 1 - (-4)/((-12)/d)?
2, 3
Let x(g) = -8*g + 2. List the prime factors of x(-3).
2, 13
Let b = 24 - -12. What are the prime factors of b?
2, 3
Let d be (4/(-10))/((-4)/(-20)). Let g(k) = k**3 + k**2 + k. Let q be g(d). List the prime factors of (q + 2)*15/(-12).
5
Let j(v) = v**3 - v**2 + 2. Let k be j(0). Suppose -2*g + 2 = -k*i, g - 4 = -2*i + 6. Suppose -5*r = -g*r - 10. List the prime factors of r.
2, 5
Let b(n) be the third derivative of -n**4/24 + 3*n**3/2 + n**2. List the prime factors of b(-7).
2
Let g(a) = 10*a**3 + 1. Let b be g(1). What are the prime factors of (b - -1)*(-18)/(-12)?
2, 3
Suppose 127 - 46 = 3*d. What are the prime factors of d?
3
Let d(x) = x**2 - 7*x + 8. Let p be d(-8). Suppose -6*h = -2*h - p. What are the prime factors of h?
2
Let h(z) = 2 - 12*z + 7 + 5. Let y be h(10). List the prime factors of y/(-10) + 2/5.
11
Let k(l) = l**3 + 8*l**2 + 3*l - 8. Let p be k(-7). Let d = p - 8. List the prime factors of ((-51)/d)/((-1)/4).
17
Suppose 0 = -3*l + n - 0*n + 8, 3*n = -6. List the prime factors of ((-234)/15)/(l/(-5)).
3, 13
Let r(u) = -11*u + 2. What are the prime factors of r(-1)?
13
Suppose -2*c = -11 - 21. Let y = c - 11. Suppose -y*f - 3*q + 35 = 0, 16 = -f + q + 3*q. List the prime factors of f.
2
Let l(p) be the first derivative of 9*p**2/2 + 7*p - 2. Let u be l(7). Suppose -5*q + 0*q = -u. What are the prime factors of q?
2, 7
Suppose 0 = 4*u + l - 4, -u + 0*l - 4*l - 14 = 0. Suppose -u*p + 6 - 2 = 0. What are the prime factors of p?
2
Let w(u) be the first derivative of u**4/4 - 5*u**3/3 + 2*u**2 - 7*u + 3. What are the prime factors of w(5)?
13
List the prime factors of (-693)/55*(-1)/(-3)*-10.
2, 3, 7
Let r(o) = 25*o + 1. What are the prime factors of r(4)?
101
Let t(b) = b - 4. Let d be t(6). Suppose 16 = 2*w + 4*y, -w + 6 = d*y - y. List the prime factors of w.
2
Let k = -9 - -5. Let b = 7 + k. Suppose 0*p + b*x = 2*p - 21, 0 = 2*p + 5*x - 13. What are the prime factors of p?
3
Let y(q) = -q**2 - 324. Let g be y(0). List the prime factors of 10/(-4)*g/30.
3
Suppose 3*o = -2*o + 4*u + 3, 0 = -2*o + 4*u + 6. Let l be -37*(o - -3)/(-2). Let a = l + -25. What are the prime factors of a?
2, 3
Let a be (-10)/(1 + -3) + -2. Suppose i = 1 + 4, a*u - 3*i = 0. List the prime factors of u.
5
Let g = -44 - -178. Suppose 0 = 5*l - 31 - g. List the prime factors of l.
3, 11
List the prime factors of -3 + 20/(-8)*-92.
227
Let c be 16/12 - (-2)/3. Suppose c*n - 40 = -4*j, -3*j + 57 = 3*n - 0*n. What are the prime factors of n?
2, 3
Suppose 5*q = j, 5*q - 15 = j + 3*j. Let g be (-2 - q)*18 - -2. What are the prime factors of (-4)/g - (-94)/8?
2, 3
Let o be ((-8)/(-6))/((-1)/3). Let g = o + 4. Suppose g = a + 4*a - 10. List the prime factors of a.
2
Suppose -40 = -3*b - 5*l, 4*b - l - 4 - 11 = 0. List the prime factors of ((-68)/b)/(2/(-5)).
2, 17
Let o(j) = -j**3 + 8*j**2 - 8*j + 6. Let z(s) = 7*s. Let u be z(1). Let r be o(u). Let n(a) = 11*a**2 + a + 1. List the prime factors of n(r).
11
Let y(h) = h**2 - 8*h + 27. List the prime factors of y(20).
3, 89
Suppose -m + 15 = 4*m. Suppose -3*d + 8 = 4*i - d, -4*i = -m*d - 8. Suppose 0 = 3*p + 2*u - 41, 5*p - i*u = 15 + 32. What are the prime factors of p?
11
Let l = -4 - -30. List the prime factors of l.
2, 13
Let o = 5 - 0. Suppose 0*q - 3*f - 21 = -o*q, 8 = 2*q - f. List the prime factors of q.
3
Let g(p) = p**3 + 14*p**2 - 14*p + 14. Let n be g(-15). Let b(d) be the third derivative of d**5/15 + d**4/24 + d**2. List the prime factors of b(n).
3
Suppose -3*i = -6*i - 15. Let h(n) = -11*n**2 + 14*n - 21. Let u(g) = 5*g**2 - 7*g + 10. Let q(k) = 6*h(k) + 13*u(k). What are the prime factors of q(i)?
2, 7
Let x(w) = -42*w. List the prime factors of x(-3).
2, 3, 7
Let b = 36 - 9. List the prime factors of b.
3
Let u = 7 - 2. Suppose -u*a + 38 = v - 12, -3*v = -2*a - 99. What are the prime factors of v?
5, 7
Let w = 11 - 8. List the prime factors of (3/(-1) - -3) + w.
3
Suppose -m + 1 = g - 2*g, -2*g - 4*m = -22. What are the prime factors of 61 + -3 + (0 - g)?
5, 11
Let q(n) = n**3 + 14*n**2 - 19*n + 6. What are the prime factors of q(-15)?
2, 3, 11
Let i = -63 + 102. List the prime factors of i.
3, 13
Suppose 4*n - 4*m + 8 = -28, -51 = 5*n - 2*m. Let x = n - -15. Suppose 3*q - 39 = -5*j, -4*q - x*j + 36 = -q. List the prime factors of q.
2
List the prime fa